g. Let z(m) = 2*m - 8. Let p be z(9). What is the units digit of 154/p + (-18)/g?
5
Let i(r) = r - 26. Let b(n) = 2*n - 39. Let l(v) = 5*b(v) - 7*i(v). What is the units digit of l(11)?
0
Suppose 4*x = -3*i + 17063, 4*i = -2*x + 11808 - 3284. What is the thousands digit of x?
4
Let z = -2585 - -5947. What is the units digit of z?
2
Let y = 651 + -321. What is the units digit of y?
0
Let m(b) = -5*b - 2. Let y(x) = -3*x - 6. Let n be y(-7). Suppose -3*a - n = 2*a. What is the units digit of m(a)?
3
Let b(r) = -r**3 + 5*r**2 - 3*r - 4. Let z be b(3). Let y(i) = -i + 17. Let v be y(3). Suppose a - v = -z. What is the units digit of a?
9
Let o(g) = g**3 - 9*g**2 + 6*g - 3. Let h = -35 - -44. What is the units digit of o(h)?
1
Let b = -66 - -319. What is the tens digit of b?
5
Suppose -637 = -4*f - 3*n + 859, -1520 = -4*f + 3*n. What is the hundreds digit of f?
3
Let o(k) = 14*k + 9. Let j be o(-6). Let n(b) = b**3 - 12*b**2 + 8*b - 7. Let v be n(11). Let a = v - j. What is the tens digit of a?
3
Let y = 62 - -2915. What is the thousands digit of y?
2
Suppose -63*b + 1826 = -61*b. What is the tens digit of b?
1
Let d(g) = 86*g**2 - 2*g - 13. What is the thousands digit of d(-4)?
1
Suppose 5*u - 3746 = -26*w + 25*w, -5*u - 25 = 0. What is the thousands digit of w?
3
Let l be (2 + (-114)/(-9))/(2/3). What is the units digit of 3 - ((-1038)/l + 14/77)?
0
Suppose 18*v + 0*v - 15246 = 0. What is the hundreds digit of v?
8
Let c(h) = 46*h + 2. Let d = 5 - 4. Let z be c(d). Suppose -f - 3*u = -4*u - 16, 3*f - 5*u - z = 0. What is the units digit of f?
6
Let w(x) = -x**3 + 6*x**2 + 7*x + 9. Let n be w(7). Suppose n*k - 2*k - 308 = 0. What is the units digit of k?
4
Let i = 114 + -110. Suppose -b + 3*w = 4*w - 166, i*b = 2*w + 646. What is the hundreds digit of b?
1
Let n(r) = r**2 + 2*r. Let l be n(-6). Let w = -32 + 17. Let c = w + l. What is the units digit of c?
9
Let l be 7*1 + (-28)/(-7). Suppose -l*m - 42 = -152. What is the tens digit of m?
1
Let k = -100 - -61. What is the units digit of (208/k)/(2/(-3))?
8
Let s be (-25)/(-9) - -1*(-2)/(-9). Suppose 30 = s*w - 63. What is the tens digit of w?
3
Let z(g) = 3*g. Let m be z(0). Suppose 2*l - 3*h - 396 = -2*l, h = m. What is the units digit of l?
9
Let x = -25 - -29. Suppose 58 = -3*n - 6*t + t, 0 = -x*n + 4*t - 88. Let y = 35 - n. What is the tens digit of y?
5
Suppose -9*z = -68 - 193. Let b = z + 99. What is the tens digit of b?
2
What is the hundreds digit of (-2)/13 - (-213504)/624?
3
What is the tens digit of (1 + -2)/((-3)/1761)?
8
Suppose 21 + 59 = 4*j. What is the units digit of (-5)/j + -302*(-6)/16?
3
Let u = -46 - -48. Suppose -3*j = 4*k - 216, -k = u*k + 3*j - 165. What is the units digit of k?
1
Suppose -3*w + 5*b = -4 + 18, 3*w = 4*b - 10. Let c(o) = 15*o + 3. Let j(v) = -29*v - 7. Let d(i) = 9*c(i) + 4*j(i). What is the units digit of d(w)?
7
Let g = 103 + -98. Suppose -2*a = t - 128, g*a + 123 = t + 2*a. What is the tens digit of t?
2
Suppose -11*b = -15*b + 36. Suppose -15 = -5*c + u, u = -3*c - 4*u + b. Suppose 0 = 3*q - c*k - 123, -5*q + q - 2*k + 176 = 0. What is the tens digit of q?
4
Let a = 101 + -61. Suppose -2*x + a = 4*d, -5*x + 58 = 5*d - 22. Let p = x + 0. What is the units digit of p?
2
Let u(f) = f**2 + 8*f + 5. Let b be u(-8). Suppose 30 = -0*n - b*n. Let i = n + 45. What is the tens digit of i?
3
Suppose 1 = -n - 3*g + 2*g, 1 = -4*n - 3*g. Suppose n*q + 148 = 6*q. Suppose q = 4*i - 63. What is the tens digit of i?
2
Suppose 25*y - 4826 = 1274. What is the tens digit of y?
4
Let o(y) = y**2 + 7*y + 15. What is the hundreds digit of o(16)?
3
Suppose -2*f + 4*f = -8. Let q = -2 - f. Suppose 0 = -q*h - 3*h + 45. What is the units digit of h?
9
Let o = 2651 + -1272. What is the thousands digit of o?
1
Suppose -6 = 5*r - 6*r. Suppose -10*p + r*p - 20 = 0. What is the units digit of (p/2 - -3)*122?
1
What is the thousands digit of (5979/(-4))/(-1) - (-10)/8?
1
What is the units digit of (156/14)/((-12)/(-504))?
8
Let f = 59 + -54. Suppose 0 = -3*t - 2*u + 171, 5*t = -4*u + f*u + 285. What is the tens digit of t?
5
What is the units digit of (-33)/88 + 76492/32?
0
Let d(i) = i + 11. Let m be d(0). Suppose 3*u - 25 = m. What is the units digit of 40*8/60*u?
4
Let h be 8/10 + 7/35. Let u = 3 + h. Suppose 2*n - 2*o = -5*o + 14, 0 = 3*n - u*o - 4. What is the units digit of n?
4
Suppose 0 = -26*r - 3*r + 7888. What is the units digit of r?
2
Let c be 3/12 - 1/4. Suppose c*p - 3*p + 15 = 0. Suppose -2*y = 6, -4*x + p*y + 49 = -2*x. What is the tens digit of x?
1
Suppose k = t - 3223, -2*k = -4*t - 4*k + 12886. What is the units digit of t?
2
Suppose 293 = 3*x - 4*k, -15*k = -20*k + 20. What is the units digit of x?
3
Let m(r) = -37*r + 112. What is the hundreds digit of m(-9)?
4
Let r be (-16)/(-3 - 1) - -4. Suppose -2*o = -r + 24. What is the units digit of -1*(7 - 4) - o?
5
What is the units digit of 1382/14 - 38/(-133)?
9
Let p(d) be the first derivative of d**4/4 - 2*d**3 + d**2/2 - 7*d + 12. Let x be p(6). What is the tens digit of (-70)/x - (-20)/5?
7
Let u(y) = 47*y + 106. What is the hundreds digit of u(7)?
4
Let k = -42 - -66. Suppose -v + 32 + k = 0. What is the tens digit of v?
5
What is the tens digit of ((-658)/141)/((-2)/264)?
1
Let y = 53 + 108. What is the units digit of y?
1
Suppose -x = -5*x + 36. Let b be (6/5)/3*-15. Let z = b + x. What is the units digit of z?
3
Let o be (4 + -1)/((-45)/(-60)). What is the units digit of 18*3*o/24?
9
What is the tens digit of 56/16*(-1 - 13)*-15?
3
What is the tens digit of (-56 - -46)*(110/(-4) - 1)?
8
What is the hundreds digit of (2 + -6 - -9)*149?
7
Suppose 2*x = -4*w + 14, -5*x + 45 = 3*w + 2*w. Suppose -x = -z + 31. Let a = -12 + z. What is the tens digit of a?
3
Let y(v) = v**2 + 59*v + 364. Let a be y(-7). Let l = 27 + -15. Suppose a = -17*o + l*o + 145. What is the units digit of o?
9
Let y be (6/(-2))/3 - -29. Let h = 66 - y. What is the units digit of h?
8
Let s = -29 - -32. What is the units digit of (-208)/(-2) + (s - 7)?
0
Let n be (-15)/(-9)*(-3)/4*-4. Suppose r = 4*c - 529, -4*r = -3*c - n*r + 395. What is the hundreds digit of c?
1
Let r = -2340 - -3461. What is the hundreds digit of r?
1
Let a(t) = 5*t**3 + t**2 + 2*t - 113. Let g(w) = 11*w**3 + 2*w**2 + 5*w - 227. Let i(o) = -9*a(o) + 4*g(o). What is the units digit of i(0)?
9
Let f be 13*((-20)/(-5) - 5). What is the tens digit of f - -152 - (-1)/(-1)?
3
Let u(x) be the third derivative of -x**4/8 + x**3/2 + 3*x**2. Let t be u(3). Let l(n) = -n**3 - 4*n**2 + 6*n + 7. What is the units digit of l(t)?
3
Suppose -m - 2*m + 12 = 0. Suppose -124 = -m*b - 0*b. What is the tens digit of b?
3
Let z(n) = -2*n**3 + 4*n**2 - 2*n + 5. Let f(i) = i**2 - 1 - 4*i**2 + i - 3 + i**3. Let t(h) = 3*f(h) + 2*z(h). What is the units digit of t(-2)?
4
Let z = 4376 + -2387. What is the thousands digit of z?
1
Suppose -5*c + 179 = -91. Let h(q) = q - 3. Let g be h(5). Suppose -c = -2*r - 5*w, -g*r = r + 5*w - 91. What is the tens digit of r?
3
Suppose -301 = -2*j - 5*f, -2*j - 21*f + 18*f = -303. What is the hundreds digit of j?
1
Let a = 35 + -39. What is the tens digit of (-2)/(a/(-21))*184/(-12)?
6
Let f(j) = j**3 - 3*j**2 - 4*j. Let l be f(4). Suppose l = 4*k + 31 - 79. What is the tens digit of k?
1
What is the tens digit of ((-195)/6 + -1)*(-126)/9?
6
Let d(f) = -15*f - 12. Let c(l) = 2*l. Let p(u) = -5*c(u) + d(u). What is the units digit of p(-4)?
8
Let k = 259 + -172. What is the units digit of k?
7
Let d(r) = -18*r + 5. Let j be d(-4). Suppose 2*u = -5*q + j, 5*q = q + 3*u + 80. What is the tens digit of q?
1
Let x(i) = 26*i**2 + 56*i + 311. What is the hundreds digit of x(-5)?
6
Suppose 38*r + 941 = 9567. What is the units digit of r?
7
Let c be (-77 + 19)*(-1)/2 - 3. Suppose -27*b + 191 = -c*b. What is the tens digit of b?
9
Let j(t) = 3*t - 32. Let h be j(12). Let k(r) = -r**3 + 8*r**2 - 3*r - 2. What is the tens digit of k(h)?
5
Let w(r) = r - 6 - 2*r**3 + 7 + r**2 + 0. Let c be w(-1). Suppose -c*g = g - 36. What is the units digit of g?
9
Suppose 5*c + 3 = 13. What is the hundreds digit of (99/(-12) - -5)*(-120)/c?
1
Suppose 12*f = 9*f + 12. Let b be 2/1*3/2. Suppose 0 = -v - 2*x - 0 + 1, b*x + 15 = f*v. What is the units digit of v?
3
Let y(g) = 123*g**2 - 4*g 